
Let d(j) = 5*j**2 + 172*j + 1465. What are the prime factors of d(-60)?
5, 31, 59
Let m be 1/(-2) + 486050/100. Suppose -4752 = -6*i + m. What are the prime factors of i?
2, 3, 89
List the prime factors of 11773 - (-13 + 22 + -6).
2, 5, 11, 107
Let w = -199 - -227. Suppose -9*z + 4292 = w*z. List the prime factors of z.
2, 29
Suppose 110*a - 10*a = 675300. What are the prime factors of a?
3, 2251
Let x(p) = -310 + 380 - 5*p - p**2 - 5*p. List the prime factors of x(0).
2, 5, 7
Let g(s) = -2*s**3 + 11*s**2 + 5. Let r(x) = -x**3 + 6*x**2 - x + 8. Let t be r(6). Let y = t + 3. List the prime factors of g(y).
2, 3, 5
Let b = 4953 + -4949. Let k(f) be the first derivative of f**2/2 + 20*f + 1. List the prime factors of k(b).
2, 3
Let h = 213 + -208. Suppose 0 = 3*f + b - 3084 - 1595, -h*f - 2*b = -7800. List the prime factors of f.
2, 19, 41
Let v(a) = -34*a**3 - 15*a**2 - 52*a - 161. List the prime factors of v(-5).
2, 1987
Suppose -10*r = -45 - 35. Suppose 64 = -7*b + r*b. What are the prime factors of (b/10)/(22/5 - 4)?
2
Let a(i) = 444*i + 414. What are the prime factors of a(2)?
2, 3, 7, 31
Let u = 26834 + -18740. What are the prime factors of u?
2, 3, 19, 71
What are the prime factors of ((-27336)/(-32))/((-51)/(-272))?
2, 17, 67
Suppose 12*u - 4*u + 8 = 0. What are the prime factors of (3 - 5 - 405)/u?
11, 37
Let t be (4*22)/(-3 + 2). Suppose -c + 5*w + 176 = 0, 35*c + 192 = 36*c + 3*w. Let p = t + c. What are the prime factors of p?
2, 7
Let n(f) = 5*f - 44. Suppose -4*j = 3*b - 7*b - 52, -4*b - 12 = 0. Let i be n(j). Suppose 972 = i*h + 204. What are the prime factors of h?
2
Let j = -9394 + 11663. List the prime factors of j.
2269
Suppose 13 = w - 4*z, 14*w - 3*z = 11*w + 12. What are the prime factors of (w + -5*3)/((-51)/4539)?
2, 7, 89
Let p = -40 - -44. Let r(j) = -8*j**2 + 18*j + 6. Let m(w) = 7*w**2 - 18*w - 5. Let i(n) = p*m(n) + 3*r(n). What are the prime factors of i(8)?
2, 5, 11
Suppose d - 4890 = 874. What are the prime factors of d?
2, 11, 131
Let q(r) = -r**3 + 5*r + 4. Let c be q(-2). Suppose d = o, d + d = c. What are the prime factors of o - (-20 - (3 - 5))?
19
Let l(k) = -k**2 + k + 80. Let z be l(0). Suppose -4*m = -0*m + z. Let g = m - -30. What are the prime factors of g?
2, 5
Let c be (-2 - -5)*((-16)/12 + 2). Let l(a) = c*a**2 - 2 + 2*a - a - 25*a**3 - 234*a**3 + 1. List the prime factors of l(-1).
7, 37
Let l(j) = -j - 4. Let b be l(-12). Let n(c) = 0 + 3 + 93*c**2 + 8 + b*c - 92*c**2. What are the prime factors of n(-11)?
2, 11
What are the prime factors of 8*17190/72*38?
2, 5, 19, 191
Let i(a) be the first derivative of 11*a**3/3 + 3*a**2/2 + 2*a + 8. Let t be i(2). List the prime factors of 3/(4/(t/3)).
13
Let a = 224 - 230. List the prime factors of -2*a/(-4) - (-23452)/52.
2, 7
Let g = -4782 + 9428. List the prime factors of g.
2, 23, 101
Let v be -4*(-4)/32*5462 - 1. What are the prime factors of -2 - (1 - v/7)?
3, 43
Let n = 1222 + 279. What are the prime factors of n?
19, 79
Suppose -4*o - 2*k - 546 = 0, -2*k = 7*o - 6*o + 132. Let n = 121 - o. List the prime factors of n.
7, 37
What are the prime factors of ((-14864)/14)/(58/(-609))?
2, 3, 929
Let p(t) = -24*t**2 - 8*t - 65. Let c be p(-6). Let x = -373 - c. List the prime factors of x.
2, 127
Let n(z) = z**3 - 6*z**2 - 11*z + 16. Let q be n(7). Let i = 14 + q. What are the prime factors of (i - 0) + (-13 - -56)?
3, 5
Suppose 6*h = 11*h - 25. Suppose -2*u + h = -5, -3*n - 4*u + 170 = 0. Suppose 5*s = -2*b + 250 + 60, -2*b - n = -s. List the prime factors of s.
2, 3, 5
Let i = 19 - 29. Let h be ((-108)/15)/(-2) - 4/i. Suppose 0 = 5*p + h*l - 631, l - 125 = -p - l. List the prime factors of p.
127
Suppose -n = i - 2*i + 15, 3*i - 49 = 4*n. Suppose 8*q = i*q - 222. What are the prime factors of q?
2, 37
Let g(l) be the first derivative of 4*l**3/3 - 11*l**2/2 + 297*l + 103. What are the prime factors of g(12)?
3, 13, 19
Suppose 33*p - 5*l - 235 = 38*p, 5*l = -4*p - 189. Let f be (0 - 1)*(-1 + -66). Let a = f - p. List the prime factors of a.
113
Suppose -6*c + 5*d = -2*c - 27910, -3*d - 34894 = -5*c. What are the prime factors of c?
2, 5, 349
Suppose -23 = -5*j + 27. Let t(b) = 2*b + 67. Let d be t(-17). Let z = j + d. List the prime factors of z.
43
Let b = 544 - 544. Suppose b = -y + 551 - 83. List the prime factors of y.
2, 3, 13
Let w = 12743 + -3662. What are the prime factors of w?
3, 1009
Suppose -5*k + 10 = -2*u - 14, 3*u - 2*k + 14 = 0. Let y be (-2)/6*(2628/u)/6. Suppose -6*x = -5*x - y. What are the prime factors of x?
73
Suppose 4*v - 2 = 10. Let f be -1 + 2 + v - (-6)/2. Suppose -18*o + 2838 = -f*o. What are the prime factors of o?
2, 3, 43
Let p(l) = 2*l**2 - 58*l + 9. Let i be p(32). Suppose -5*w + 651 = -3*o - i, 0 = -3*w - 5*o + 484. What are the prime factors of w?
2, 3, 7
Let s(z) = 427*z + 175. Let n be s(6). Suppose -3*f + 107 + 1548 = -4*h, 5*f + 4*h - n = 0. List the prime factors of f.
3, 61
Let c(l) = 6*l**2 + 8*l + 1. Let u be c(-4). Let t = u - 72. List the prime factors of (-1917)/t - ((-24)/21 - -1).
2, 137
Let j(x) = 1. Let r(v) = v**2 - 5*v - 31. Let l(y) = -6*j(y) + r(y). What are the prime factors of l(17)?
167
Let k = -28380 + 40588. List the prime factors of k.
2, 7, 109
Let d be 2/(-7) - (-1770)/21. Let q = 171 + d. Suppose -2*a = -7*a + 2*i + q, 0 = 5*a - i - 260. List the prime factors of a.
53
Let h be 10 + 6/6 + -2. Let l(x) = 54*x - 7. List the prime factors of l(h).
479
What are the prime factors of (-7253176)/(-392) - 22/2?
2, 3, 23, 67
Let d(r) be the second derivative of -76*r**3/3 - r**2 + r. Let b be d(-2). List the prime factors of (-2)/3 + b/3 + 2.
2, 3, 17
Suppose -d + 271 = -m, 5*d - 3*m - 1365 = -0*m. Suppose 6*y - d = 660. List the prime factors of y.
2, 3, 13
List the prime factors of 34/((-7 - (-286480)/40928)/((-1)/4)).
17, 1279
Suppose 4 = k - 0*k. Suppose 10500 = -55*l + 62*l. Suppose 0 = k*u - 9*u + l. List the prime factors of u.
2, 3, 5
Let y be (-268)/(-22) + 8/(-44). Let f(v) = -10 + 2 - y*v + 9 + v**2 + 10. What are the prime factors of f(19)?
2, 3
Suppose 127810 = 3*s - 7*h + 25712, -2*s + 68037 = h. List the prime factors of s.
13, 2617
Let m = 33542 + -16701. What are the prime factors of m?
11, 1531
Let a = 283 - 281. Suppose 2*c - 4 = -2*c, -a*c - 1178 = -5*w. List the prime factors of w.
2, 59
Let n = 10629 - 7342. List the prime factors of n.
19, 173
Let g = 25136 - -10419. What are the prime factors of g?
5, 13, 547
Suppose -70 = -j - 13*j. List the prime factors of ((-566)/(-3))/(-4*j/(-90)).
3, 283
Suppose 3*b = -5*v - 0 - 1, 0 = -2*b + 2*v + 10. Let m be (2/b)/(8/84). Suppose 40 = m*w - 121. What are the prime factors of w?
23
Let k(x) = -x**2 - 12*x + 15. Let r be k(-13). Suppose -5*a = r*h + 3*h + 65, -a = -4*h + 3. Let u(q) = 2*q + 59. List the prime factors of u(a).
37
What are the prime factors of 4*((-200)/(-250) - (-9466)/5)?
2, 947
Let v be (9/6)/((-6)/(-4)) + 891. Let w = v - 560. List the prime factors of w.
2, 83
Let k be (7 - 2)*(-2)/(4/(-18)). Let w = -95 - -169. Let u = w - k. What are the prime factors of u?
29
Let n = 174 - -8. Let c = 410 - n. Suppose 3*f - c - 471 = 0. List the prime factors of f.
233
Suppose -20*y - 238*y = -62*y - 1567216. List the prime factors of y.
2, 1999
Let l(s) = -5385*s - 1544. List the prime factors of l(-2).
2, 7, 659
What are the prime factors of 8/(-14) - (13878630/(-238) + 31)?
2, 7, 23, 181
Let k be 27*(-5 + 636) - (2 + -2). What are the prime factors of k/108 - (-1 + 6/8)?
2, 79
Let k(z) = -22*z + 43. Let f(d) = -285*d + 558. Let x(l) = 4*f(l) - 54*k(l). What are the prime factors of x(14)?
2, 3, 97
Suppose 202*q - 44275 = 191*q. List the prime factors of q.
5, 7, 23
Let n(b) = 3*b**2 - 23*b + 10. Let o be n(5). What are the prime factors of -1 - (-5)/(o/(-1086))?
2, 3, 5
Suppose 0 = 16*g + 12*g - 41720. Let d = g + -159. List the prime factors of d.
11
Suppose 18414*f + 328265 = 18421*f. List the prime factors of f.
5, 83, 113
Suppose -14560 + 1545 = -5*t. Let p = -1434 + t. Suppose 2*q = s + 472, 0 = 5*q + 3*s - 0*s - p. What are the prime factors of q?
5, 47
Let o be ((-17272)/(-48) - -5) + (-2)/(-12). Suppose 0 = -8*v + 267 + o. List the prime factors of v.
79
Let o(c) = -18*c + 10. Let w(k) = -k**3 + 2*k**2 + k. Let z be w(2